d) = o*d + 4 - 9*d + d**2 + 4*d. Let r be c(5). Let p(s) = -s**2 + 5*s - 1. Determine p(r).
3
Let u(b) = -2*b**2 - 23*b - 13. Let d be u(-11). Let f be (3 + -1)/(-2) + 3. Let x(s) = 2*s - 3*s**f + 4*s**2 - s. What is x(d)?
2
Let c(w) = -2*w + 2. Let r = -2 + 3. Suppose 8 + r = -j. Let g be j/(-6)*(-8)/(-3). Give c(g).
-6
Let c(n) = 5*n**2 - 9*n + 7. Let v(h) = -9*h**2 + 17*h - 13. Let l(g) = 7*c(g) + 4*v(g). What is l(5)?
-3
Suppose f + 24 = -2*f. Let p(a) be the first derivative of a**4/4 + 3*a**3 + 4*a**2 + 6*a - 2. Let m be p(f). Let k(w) = -w + 8. Give k(m).
2
Let f(l) be the third derivative of l**5/60 + l**4/6 + l**3/3 - 2*l**2. Suppose -i = r - 1, 5*r = -2*i - 4 - 0. Determine f(r).
-2
Suppose 5*c - 4*j - j - 25 = 0, -c - j = -1. Let a(u) = u**3 - 3*u**2 + 2. Give a(c).
2
Let s = 11 - 6. Suppose -25 = s*z, -2*z = 4*c - 4*z - 30. Let m(t) = -t + 6. What is m(c)?
1
Let d = -5 - -7. Let p(i) = -i + 3 - i + i - d. What is p(-4)?
5
Let o = -122 + 118. Let c(x) = x**2 + 4*x. Give c(o).
0
Let m(u) = u**2 + u. Let g be m(-2). Let x(b) = -4 - 2*b - g*b**3 + b**3 - b + 4*b**2. What is x(3)?
-4
Let y(v) = -v**2 + 2*v + 4. Let m(g) = -5*g - 1. Suppose a - 4*a = 3. Let w be m(a). Give y(w).
-4
Let r be 33/6 + (-1)/(-2). Let s(q) = 2*q**2 - 3*q**3 + 3*q**2 - r*q**2 + 4*q**3. Let v = -2 - -2. Calculate s(v).
0
Let b(v) = 2*v**2 + 2 - 9*v**2 + 2*v + 6*v**2. Let h be -3 - -1 - (7 - 6). Let o = h - -6. Give b(o).
-1
Let m(f) = -2*f - 6. Let t(g) = g. Let d(o) = m(o) + 4*t(o). Let a = -11 - -16. Give d(a).
4
Let n(g) be the third derivative of -1/3*g**3 + 0*g - 5/24*g**4 + 4*g**2 + 0 + 1/40*g**5. Let f(w) be the first derivative of n(w). Give f(5).
10
Let x(v) be the second derivative of v**5/60 - v**4/4 - v**3 + 3*v. Let d(l) be the second derivative of x(l). Give d(4).
2
Let r(p) be the second derivative of p**3/6 + 5*p**2 - 5*p. What is r(-5)?
5
Let t be (30/45)/((-4)/(-18)). Let d(f) = -2*f - 4. Calculate d(t).
-10
Suppose 0 = 4*f + f - 5. Let i(m) = -1 + m**2 + 0*m**2 + 5*m**2. Determine i(f).
5
Let r(t) = -t - 3. Suppose 8 = k + 13. Give r(k).
2
Let k(w) = -w**2 + 5*w + 1. Let f(u) = u**3 - 2*u**2 + 2. Let q be f(3). Let h = -1 - q. Let x = 17 + h. Calculate k(x).
1
Let t(d) be the second derivative of 1/20*d**5 + 1/360*d**6 + 0 - 1/6*d**3 - 2*d + 1/24*d**4 + 0*d**2. Let a(j) be the second derivative of t(j). Give a(-4).
-7
Suppose -2*c = -6*c - 28. Let v(z) = -z**3 - 8*z**2 - 10*z - 17. Let t be v(c). Let k(q) = -q + 4. What is k(t)?
0
Suppose 3 = 2*a - 13. Let n(o) = o**3 - 9*o**2 + 8*o + 1. Let s be n(a). Let l(t) = 9*t**3 + 2*t**2 - 1. Determine l(s).
10
Suppose 5*w + j - 57 = 0, -4*w - w + 54 = 2*j. Let b = w - 7. Let o(t) = -5*t + 6. Let m(c) = -c + 1. Let r(g) = -11*m(g) + 2*o(g). What is r(b)?
6
Let m(j) = j**3 - 4*j**2 + 4*j - 1. Let c(d) = d. Let y(g) = c(g) - m(g). Let o = -3 + 6. Calculate y(o).
1
Let g(p) = 2*p + 3 - 1 + 6. Let c(j) = -6*j + 12. Let h be c(3). What is g(h)?
-4
Suppose 0 = -5*u + 3*p + 36, -4*p - p - 10 = 0. Let w(n) = 0*n**3 + 3 - 6*n**2 + 6*n - 5*n**3 - 3*n + u*n**3. Give w(4).
-17
Let k(l) = l**2 - 3*l + 2. Let w = 105 + -102. What is k(w)?
2
Let s(g) = -g + 9. Let h be s(4). Let w(y) = -y**3 + 3*y**3 - 4*y + h*y**2 + 6 - 3*y**3. Give w(4).
6
Let t(x) = 0*x**3 - x**3 + 1 - x**3 - x + x**2 - 6*x**3. Give t(1).
-7
Let f(n) be the third derivative of n**6/120 + 7*n**5/60 + n**4/4 + n**3/2 - 15*n**2. Give f(-6).
3
Let j be ((-4)/(-10))/((-3)/30). Let i = j - -6. Let t(p) = -5*p**i - 7*p - p + 3*p**3 + 3*p - 5 - 4*p**3. Give t(-4).
-1
Let y(q) = -2*q - 6. Let c be 2/(-10) + 42/(-15). Suppose 0*p = p - 4, 2*i - 3*p + 10 = 0. Let a = c - i. Determine y(a).
2
Let x = -1 - -5. Let f(c) be the second derivative of c**4/12 - 7*c**3/6 + 5*c**2/2 + 7*c. Calculate f(x).
-7
Let v(y) = -y**3 + 3*y**2. Let w be v(2). Let q(h) = -2*h + 6. Give q(w).
-2
Let l be 2 + 0 - (-3 + -11). Suppose 3*q + 19 = 4*z, -5*q - 3 + 10 = 3*z. Suppose 2*w - 10 = -0*v - z*v, l = 4*v. Let d(k) = -k + 4. Give d(w).
7
Let n be 1*4 - (3 + -2). Let v(b) = -4*b - 2*b**2 + b - n*b - 5. Calculate v(-4).
-13
Let k(g) = -g**3 - 8*g**2 + 10*g + 5. Let l be k(-9). Let w(z) be the first derivative of z**3/3 + 3*z**2/2 + z - 2. Give w(l).
5
Let o = -2 + 6. Suppose -o*p + 5*i = i + 16, 19 = -5*p + 4*i. Let w(b) = -2*b**3 + 7*b**3 - 4 + 4*b**2 + b - 4*b**3. Give w(p).
2
Let a(m) be the second derivative of 1/6*m**4 - 4*m + 1/3*m**3 + 0 + 0*m**2 - 1/10*m**5. Calculate a(2).
-4
Suppose 3*o - 3*q - 7 = 8, -2*o - 4*q + 4 = 0. Let p(j) = -2*j + 2. What is p(o)?
-6
Let u(f) = -f**3 - 4*f**2 - 3*f. Suppose -2*o = 5*d + 3*o, 4*d - 4*o = -16. Calculate u(d).
-2
Suppose -3*t = 2*t. Suppose -3*m - 4*y = -t*m + 2, -3*y = -3. Let f(k) = -k - 1. Calculate f(m).
1
Let t = 12 - 14. Let y(q) = -q**3 - 3*q**2 - 3*q. What is y(t)?
2
Let d(b) = -2*b**3 - 5*b**2 - 2*b + 4. Let w(r) = -3*r**3 - 5*r**2 - r + 3. Let n(j) = 4*d(j) - 3*w(j). Calculate n(5).
-18
Let k(o) = o + 7. Let t be 0 - (1 - 8 - -1). Let c be (-114)/4 - 3/(-2). Let y be (-1)/2 + c/t. Give k(y).
2
Let l(u) be the first derivative of -u**3/3 + 5*u**2/2 - 2*u - 17. Let i = 10 - 7. Determine l(i).
4
Let j = -142 + 138. Let a(g) = -2*g - 5. What is a(j)?
3
Suppose -3*a + 12 = -a. Let p(u) = -u - 8. Let b(l) = 1. Let j(r) = a*b(r) + p(r). Let i be (-2)/(-1 + 14/10). Give j(i).
3
Let b(u) = -6*u + 5. Let j be -1 - (18/3)/(-1). Let g(w) = -9*w + 7. Let h(z) = j*g(z) - 8*b(z). Determine h(5).
10
Let t(h) = -8*h**2 - 3*h + 6. Let s(z) = 3*z**2 + z - 2. Let w(c) = -11*s(c) - 4*t(c). Let i be (-2)/1 + 3 - 1. Calculate w(i).
-2
Let s(v) be the second derivative of 0 - 3/2*v**2 - 1/12*v**4 - v + 1/60*v**5 - 1/3*v**3. Let m(x) be the first derivative of s(x). What is m(3)?
1
Let j = -1 - -4. Let v(k) = -6 + 2*k**2 + k**2 - 3 + 6 - k**2 - k. What is v(j)?
12
Let r(w) = -3*w + 3*w + 5 + w. Suppose 5*y + 4*z - 2*z + 20 = 0, -5*y = -2*z + 20. Let v(i) = i**2 + 5*i. Let f be v(y). Calculate r(f).
1
Let j(o) = o**2 - 4. Let b(g) = g**2 - 8*g - 6. Let y = 0 - -9. Let m be b(y). Give j(m).
5
Let d(o) = -o + 2. Suppose 0*v + 20 = 5*v. Let c be (4 - 0)*6/8. Suppose v*h = 5*p + 11, -c*h + 9 = -8*p + 4*p. Determine d(p).
5
Let v(h) = 12*h**2 - 9*h + 4. Let m(t) = 3*t**2 - 2*t + 1. Let j(p) = -9*m(p) + 2*v(p). Calculate j(2).
-13
Suppose 0 = 5*u - 3 - 7. Let c(s) be the second derivative of -s**3/3 + s**2/2 + 3*s. Determine c(u).
-3
Let w(p) = p**2 - 7*p + 1 + p - 3. Let g(o) = o. Let z be (96/56)/(2/7). Let r be g(z). Determine w(r).
-2
Suppose 0 = -0*p + p. Suppose 0 = -p*f + 3*f. Suppose f*u + 2 = -2*u. Let n(t) = 7*t**3 - t - 1. What is n(u)?
-7
Let d(u) = -u**3 + 4*u**2 + u - 2. Suppose -b - 25 = -5*b - 3*w, -5*w = -15. Suppose 3*t = b*k + 12, 3*t - 4 = 2*t - 3*k. Determine d(t).
2
Let d(i) = 15*i**2 + 11*i - 19. Let t(s) = 7*s**2 + 5*s - 9. Suppose -3*a = -2*v + 35, -3*v - 19 = 4*a + 39. Let w(o) = a*t(o) + 6*d(o). Determine w(-3).
-9
Let x(r) be the first derivative of r**4/4 - 2*r**3/3 + r**2/2 + r + 7. Give x(2).
3
Let d(g) = -g**3 + 6*g**2 - 4*g - 4. Let c be (-2)/(-2 + (-26)/(-14)). Suppose 3*q + 3*o - 15 = 0, -5*q + c + 11 = -4*o. Give d(q).
1
Let z(b) be the second derivative of -1/6*b**3 - 1/2*b**2 + 0 + b. What is z(-2)?
1
Let p(x) = -4*x - 2*x + 1 + 5*x + 2*x. Suppose n = -n - 3*m, 3*n = -m. Suppose k + n = 2. Calculate p(k).
3
Let s(x) = 3*x**2 - 2*x + 1. Suppose 0 = -2*c - 2*c + 48. Suppose 5*q + 2*n + 0 - c = 0, 3*n = -5*q + 13. Give s(q).
9
Let k(x) = -2*x**3 + 4*x**2 - 5. Let y(w) = -3*w**3 + 4*w**2 - 6. Let u(r) = 4*k(r) - 3*y(r). What is u(-4)?
-2
Let s(t) = -t - 2. Suppose o - 2*o + 7 = -5*q, 2*o = 3*q + 7. Let b be (q - 1)/(-2)*0. Determine s(b).
-2
Let h(b) = -1 + 1 + 5*b - 1. Let m = 16 + -15. Give h(m).
4
Suppose z - 6*z + 25 = 0. Suppose 0 = -2*c - 3 - z. Let h(m) = m**3 + 2*m**2 - 6*m - 3. Determine h(c).
-11
Let i(q) = q - 1. Let l(x) = -3*x + 6. Let w(s) = -4*i(s) - l(s). Suppose 3 = n + 7. Calculate w(n).
2
Let q be (-1 - 3 - -3) + 3. Let j(h) = q - 2 + 51*h - 50*h. Give j(-3).
-3
Let o(p) = p**3 + 4*p**2 - 6*p + 7. Suppose -c + 4*r - 23 = 2*c, 2*r + 6 = -2*c. Give o(c).
12
Let r(k) = 8 + 0 - 1 - 5 - k. What is r(-5)?
7
Let x(f) = f**3 + 5*f**2 + 2*f - 5. Let p be (-7)/(-9) + 6/27. Let o be 2/4*2 + -3. Let d be -3*